 15) to base 14
ad960
What is -41537731 (base 8) in base 11?
-4a918a5
Convert 20505a0 (base 11) to base 5.
1411221132
What is 1202311223 (base 4) in base 10?
404843
-a4b904 (base 13) to base 11
-21a1796
Convert -c75f (base 16) to base 15.
-101c9
b0e06 (base 15) to base 2
10001000101110011111
What is 119844 (base 10) in base 7?
1006254
Convert -234b52 (base 12) to base 14.
-10b222
-67151 (base 11) to base 5
-11103330
Convert -114b792 (base 13) to base 7.
-63241100
Convert -a38b58 (base 13) to base 3.
-21011222110220
What is -112300011302 (base 4) in base 5?
-3011323041
What is 2131332303 (base 4) in base 2?
10011101111110110011
Convert 244242320 (base 5) to base 2.
100011100100000010111
Convert 73095 (base 11) to base 13.
3968a
What is -3225511 (base 6) in base 15?
-32354
What is -13203455 (base 9) in base 13?
-1466855
Convert -1a69a (base 13) to base 10.
-51672
What is -102331132 (base 4) in base 9?
-127471
Convert 3050370 (base 8) to base 10.
807160
What is -1382389 (base 13) in base 11?
-3537840
Convert -20101221220102 (base 3) to base 2.
-1100111111001001001000
-465ab (base 12) to base 11
-64823
What is -47171 (base 11) in base 2?
-10000100111110000
Convert 5a4 (base 14) to base 10.
1124
What is -114401034 (base 5) in base 11?
-3416aa
What is -16dfc (base 16) in base 3?
-11202112002
111010011000011101000 (base 2) to base 12
783120
What is -141440223 (base 7) in base 5?
-4332103234
Convert -153bba (base 13) to base 3.
-222120000022
What is 9b04 (base 14) in base 13?
c2bb
77728 (base 13) to base 10
216523
Convert -1061301 (base 7) to base 12.
-64856
What is -5024b (base 14) in base 11?
-121726
-aa3b1 (base 16) to base 9
-1272418
What is -1462446 (base 8) in base 2?
-1100110010100100110
-146101 (base 8) to base 13
-1aa53
Convert 238353 (base 10) to base 11.
153095
-2b9b0 (base 15) to base 14
-39325
Convert 112131121 (base 5) to base 11.
315598
b49a9d (base 15) to base 10
8588398
1135385 (base 11) to base 7
22601140
Convert -35827 (base 9) to base 6.
-303041
6023573 (base 8) to base 9
2872376
-3031310 (base 7) to base 13
-c8201
-63734173 (base 8) to base 11
-7758868
-100111111110100100 (base 2) to base 12
-7a918
Convert 211021122002 (base 3) to base 7.
3504455
What is 12165242 (base 7) in base 12?
447a75
What is 341410230 (base 6) in base 14?
b8532a
Convert -575a6 (base 16) to base 6.
-11400250
What is -16073333 (base 8) in base 12?
-12a5563
965e (base 16) to base 11
26a15
What is -100100011011111000 (base 2) in base 5?
-14233430
What is 60760 (base 12) in base 8?
365070
What is -148c33 (base 13) in base 16?
-7b55f
Convert -c80c6 (base 13) to base 7.
-3030635
What is -73536 (base 11) in base 14?
-2b07a
1864713 (base 10) to base 6
103544533
Convert 13044434 (base 5) to base 14.
34995
Convert 10000010001001100011 (base 2) to base 9.
1002233
Convert 10000110101100000010011 (base 2) to base 4.
100311200103
222022210121 (base 3) to base 14
d6ba5
Convert -17b9 (base 16) to base 12.
-3621
What is -334446 (base 8) in base 2?
-11011100100100110
What is 556522 (base 7) in base 8?
300067
What is -1100001110000000 (base 2) in base 15?
-ec68
Convert -433035 (base 7) to base 9.
-124483
3601144 (base 8) to base 9
1758276
950644 (base 12) to base 13
640c42
What is -11b7c (base 13) in base 5?
-2021340
What is -1723008 (base 11) in base 14?
-56482d
-21200110221 (base 3) to base 9
-250427
-25444635 (base 7) to base 13
-63025b
What is 22f74 (base 16) in base 5?
14040340
What is 665266 (base 12) in base 10?
1626414
What is -531150 (base 6) in base 8?
-124052
Convert -201030424 (base 6) to base 13.
-92511a
-31d72 (base 15) to base 8
-465112
What is -110313001 (base 5) in base 10?
-479126
Convert -186ef4 (base 16) to base 2.
-110000110111011110100
Convert 3320233100 (base 4) to base 3.
1220202120112
What is 37a33 (base 15) in base 11?
111645
524173 (base 10) to base 13
154780
206dc0 (base 14) to base 8
4132254
Convert 233103 (base 12) to base 13.
16a352
Convert 19145c (base 14) to base 7.
10353345
What is -101111000001010 (base 2) in base 16?
-5e0a
Convert 10b0a01 (base 12) to base 11.
18a6961
100110101110111010101100 (base 2) to base 15
d58749
What is 100000202222222 (base 3) in base 12?
1734945
-15034343 (base 6) to base 2
-1111110011111010111
What is 1471415 (base 13) in base 8?
30664157
Convert 329388 (base 13) to base 4.
10202313201
Convert 2d5dda (base 14) to base 13.
439534
-210314 (base 5) to base 14
-2771
Convert 882644 (base 11) to base 14.
28968c
d9cac (base 16) to base 3
1200022200212
Convert -3400311 (base 6) to base 4.
-221302303
Convert 112113310103 (base 4) to base 7.
100564214
32255201 (base 6) to base 2
11101001011110010001
What is -2926c (base 14) in base 13?
-37585
789724 (base 13) to base 12
b54551
What is 765526 (base 9) in base 15?
90523
Convert -434cb (base 13) to base 12.
-5a4ba
Convert 1103021220 (base 4) to base 13.
bc03a
What is 100021102 (base 3) in base 16?
1a69
What is 2311231132 (base 4) in base 12?
2ba87a
What is -11397cc (base 13) in base 8?
-24171115
14a631 (base 14) to base 2
10101111110100010011
What is -12002211221 (base 3) in base 7?
-565660
What is -2064a0 (base 11) in base 9?
-553544
Convert 21444146 (base 9) to base 10.
10362858
What is -11212200210021 (base 3) in base 12?
-a50121
What is -60331454 (base 7) in base 9?
-10358865
What is 522721 (base 8) in base 13?
60c9a
-321530 (base 6) to base 15
-7c09
23770 (base 11) to base 8
102627
-101001101011001101 (base 2) to base 7
-1310446
Convert 16728 (base 11) to base 15.
6e6e
Convert 200218 (base 9) to base 10.
118277
Convert a3eb (base 15) to base 16.
8756
1512565 (base 10) to base 14
2b5325
What is -162bb (base 14) in base 8?
-154215
-18c8184 (base 13) to base 8
-37075052
Convert 2892446 (base 11) to base 3.
100100022202021
Convert 4341233 (base 8) to base 2.
100011100001010011011
What is -1b129 (base 12) in base 2?
-1001101111110001
Convert -403590 (base 12) to base 11.
-62435a
What is 452362 (base 9) in base 12?
110832
Convert 85a858 (base 11) to base 12.
56432a
What is 11464016 (base 7) in base 5?
230233321
What is 41487 (base 10) in base 4?
22020033
Convert 10706194 (base 10) to base 7.
160000252
What is -100111011100001 (base 2) in base 16?
-4ee1
Convert 1003120131 (base 5) to base 14.
3a2688
Convert 10c88 (base 14) to base 10.
40888
What is -105226 (base 8) in base 3?
-1210200000
What is 1111100010100011101 (base 2) in base 6?
14525245
Convert -731809 (base 14) to base 8.
-16642461
-101001000011110101110100 (base 2) to base 11
-6091974
Convert -8005576 (base 9) to base 11.
-2447370
-1010436 (base 9) to base 16
-836f7
What is -212000222112 (base 3) in base 15?
-8e535
What is 111001011010000000 (base 2) in base 9?
387482
-20ba4a8 (base 12) to base 3
-102200220120002
Convert -1af14f (base 16) to base 12.
-7119a7
10201022022 (base 3) to base 11
4aa37
What is 21333110321 (base 4) in base 3?
11221001011012
-4620354 (base 8) to base 6
-42511432
Convert -1225844 (base 10) to base 15.
-19332e
-1611564 (base 8) to base 16
-71374
30158 (base 15) to base 12
7409b
Convert c62243 (base 13) to base 4.
101222301311
Convert 2200002012 (base 3) to base 9.
80065
What is -449b3 (base 12) in base 15?
-1c0ac
What is 20713c5 (base 13) in base 16?
96659a
Convert 27225 (base 15) to base 10.
125360
554132123 (base 6) to base 4
212020203303
Convert 27192b (base 13) to base 12.
397738
80a845 (base 13) to base 14
57d015
What is 7dcc24 (base 14) in base 6?
232053012
What is -1111101001100101011 (base 2) in base 7?
-4234035
What is -32613211 (base 7) in base 13?
-775204
140325223 (base 6) to base 15
3ac6ec
What is 1000b8 (base 12) in base 7?
2054603
-106135560 (base 7) to base 16
-6321c3
-263269 (base 10) to base 13
-92aa6
What is -200001021220120 (base 3) in base 8?
-44455133
Convert -652 (base 16) to base 4.
-121102
What is 752814 (base 12) in base 5?
433201003
What is -1102220111002 (base 3) in base 6?
-24225215
Convert 3b9cb (base 15) to base 6.
4033132
What is 2323123233 (base 4) in base 14?
15dad9
What is 4510335 (base 6) in base 13?
7c3a3
Convert 100011111000000011011 (base 2) to base 11.
733259
2a12674 (base 11) to base 12
1894aa6
What is 24241122 (base 6) in base 9?
1388725
What is 2308 (base 16) in base 14?
33a8
What is 441214 (base 7) in base 10?
77284
175135 (base 8) to base 13
23233
C